{"id":68840,"date":"2025-07-15T08:19:54","date_gmt":"2025-07-15T06:19:54","guid":{"rendered":"https:\/\/rj-trucks-machinery.wemexcloud.nl\/?page_id=68840"},"modified":"2025-11-26T10:23:40","modified_gmt":"2025-11-26T09:23:40","slug":"declaracion-de-privacidad","status":"publish","type":"page","link":"https:\/\/rj-trucks-machinery.wemexcloud.nl\/es\/declaracion-de-privacidad\/","title":{"rendered":"Declaraci\u00f3n de confidencialidad"},"content":{"rendered":"<h1 class=\"wp-block-heading\">Declaraci\u00f3n de confidencialidad<\/h1>\n\n\n\n<p>RJ Trucks &amp; Machinery, hieronder worden bovenstaande handelsnamen onder verstaan, is verantwoordelijk voor de verwerking van persoonsgegevens zoals weergegeven in deze privacyverklaring.<\/p>\n\n\n\n<h3 class=\"wp-block-heading\">Datos personales<\/h3>\n\n\n\n<p>Por datos personales entendemos cualquier dato que permita identificar individualmente a las personas.<\/p>\n\n\n\n<p>Tratamos sus datos personales porque usted utiliza nuestros servicios y\/o porque usted mismo nos los facilita. A continuaci\u00f3n encontrar\u00e1 un resumen de los datos personales que tratamos:<\/p>\n\n\n\n<ul class=\"wp-block-list\">\n<li>Nombre de la empresa<\/li>\n\n\n\n<li>Nombre y apellidos<\/li>\n\n\n\n<li>Direcci\u00f3n<\/li>\n\n\n\n<li>N\u00famero de tel\u00e9fono<\/li>\n\n\n\n<li>Direcci\u00f3n de correo electr\u00f3nico<\/li>\n\n\n\n<li>Otros datos personales que usted facilite activamente a trav\u00e9s, por ejemplo, de la correspondencia y el contacto telef\u00f3nico.<\/li>\n<\/ul>\n\n\n\n<h3 class=\"wp-block-heading\">Datos personales especiales y\/o sensibles<\/h3>\n\n\n\n<p>S\u00f3lo tratamos datos personales de menores (personas de menos de 16 a\u00f1os) si el padre, la madre, el tutor o el representante legal han dado su consentimiento por escrito. Si est\u00e1 convencido de que hemos recopilado datos personales de un menor sin dicho consentimiento, p\u00f3ngase en contacto con nosotros y eliminaremos esta informaci\u00f3n.<\/p>\n\n\n\n<h3 class=\"wp-block-heading\">Tratamiento de datos personales<\/h3>\n\n\n\n<p>Tratamos sus datos personales para los siguientes fines:<\/p>\n\n\n\n<ul class=\"wp-block-list\">\n<li>Env\u00edo de nuestro bolet\u00edn.<\/li>\n\n\n\n<li>Llamarle o enviarle un correo electr\u00f3nico si es necesario para llevar a cabo nuestros servicios.<\/li>\n\n\n\n<li>Informarle de cambios en nuestros servicios y productos.<\/li>\n\n\n\n<li>Para suministrarle bienes y servicios.<\/li>\n\n\n\n<li>Tambi\u00e9n tratamos datos personales si estamos legalmente obligados a hacerlo, como los datos que necesitamos para nuestra declaraci\u00f3n de la renta.<\/li>\n<\/ul>\n\n\n\n<h3 class=\"wp-block-heading\">Toma de decisiones automatizada<\/h3>\n\n\n\n<p>Wij nemen geen besluiten op basis van geautomatiseerde verwerkingen over zaken die (aanzienlijke) gevolgen kunnen hebben voor personen. Het gaat hier om besluiten die worden genomen door computerprogramma\u2019s of -systemen, zonder dat daar een mens (bijvoorbeeld een medewerker van RJ Trucks &amp; Machinery tussen zit.<\/p>\n\n\n\n<h3 class=\"wp-block-heading\">Cu\u00e1nto tiempo conservamos los datos personales<\/h3>\n\n\n\n<p>No conservamos sus datos personales m\u00e1s tiempo del estrictamente necesario para cumplir los fines para los que se recogieron.<\/p>\n\n\n\n<h3 class=\"wp-block-heading\">Compartir datos personales con terceros<\/h3>\n\n\n\n<p>RJ Trucks &amp; Machinery verkoopt uw gegevens niet aan derden en zal deze uitsluitend verstrekken indien dit nodig is voor de uitvoering van onze overeenkomst met u of om te voldoen aan een wettelijke verplichting. Met bedrijven die uw gegevens verwerken in onze opdracht, sluiten wij een verwerkersovereenkomst om te zorgen voor eenzelfde niveau van beveiliging en vertrouwelijkheid van uw gegevens. Wij blijven verantwoordelijk voor deze verwerkingen. Wij verstrekken geen persoonsgegevens aan partijen welke gevestigd zijn buiten de EU.<\/p>\n\n\n\n<h3 class=\"wp-block-heading\">Su visita a nuestro sitio web<\/h3>\n\n\n\n<p>Nuestro principal objetivo al registrar informaci\u00f3n es facilitar las visitas a nuestro sitio. S\u00f3lo se registra la informaci\u00f3n que consideramos necesaria para lograr este prop\u00f3sito. Usted no tiene ninguna obligaci\u00f3n de compartir esa informaci\u00f3n.<\/p>\n\n\n\n<h3 class=\"wp-block-heading\">Almacenar informaci\u00f3n<\/h3>\n\n\n\n<p>Cuando visita este sitio web, podemos almacenar cierta informaci\u00f3n relacionada con su visita. Entre ellos se incluyen:<\/p>\n\n\n\n<ul class=\"wp-block-list\">\n<li>La direcci\u00f3n IP: no es posible identificarle como persona.<\/li>\n\n\n\n<li>El proveedor de servicios de Internet (ISP)<\/li>\n\n\n\n<li>Duraci\u00f3n de la visita<\/li>\n\n\n\n<li>P\u00e1ginas visitadas<\/li>\n\n\n\n<li>La p\u00e1gina de entrada\/salida<\/li>\n\n\n\n<li>El n\u00famero de veces que se visita el sitio web<\/li>\n\n\n\n<li>El dispositivo utilizado<\/li>\n\n\n\n<li>Informaci\u00f3n sobre el sistema operativo<\/li>\n\n\n\n<li>Informaci\u00f3n sobre el navegador de Internet<\/li>\n<\/ul>\n\n\n\n<p>Esta informaci\u00f3n se utiliza con fines estad\u00edsticos. Entre ellos se incluyen Google Analytics, Google Adwords, Remarketing Google Adwords, Hotjar (herramienta de uso del sitio web) y leads.vzw (herramienta para registrar el uso del sitio web y el comportamiento en el mismo). En algunas p\u00e1ginas, se le pedir\u00e1 que deje informaci\u00f3n como su nombre y datos de contacto. Por ejemplo, al suscribirse al bolet\u00edn, descargar un libro blanco u otra documentaci\u00f3n. En estos casos, le pedimos expl\u00edcitamente permiso para utilizar sus datos con fines de marketing. Recibir\u00e1 una confirmaci\u00f3n por correo electr\u00f3nico. Cada vez que se le solicite, podr\u00e1 darse de baja.<\/p>\n\n\n\n<h3 class=\"wp-block-heading\">Google Analytics<\/h3>\n\n\n\n<p>A trav\u00e9s de nuestro sitio web, la empresa estadounidense Google instala una cookie como parte del servicio \"Analytics\". Utilizamos este servicio para hacer un seguimiento de c\u00f3mo los visitantes utilizan el sitio web y para recibir informes al respecto. Google podr\u00e1 transmitir dicha informaci\u00f3n a terceros cuando as\u00ed se lo requiera la legislaci\u00f3n, o cuando dichos terceros procesen la informaci\u00f3n por cuenta de Google. Nosotros no tenemos ninguna influencia sobre esto. La informaci\u00f3n recopilada por Google se anonimiza en la medida de lo posible. Su direcci\u00f3n IP no se proporciona expresamente y la informaci\u00f3n no puede ser rastreada hasta usted como persona. La informaci\u00f3n es transferida y almacenada por Google en servidores de Estados Unidos. Google declara que se adhiere a los principios del Escudo de Privacidad y est\u00e1 afiliado al programa Escudo de Privacidad del Departamento de Comercio de los Estados Unidos. Esto implica un nivel de protecci\u00f3n adecuado para el tratamiento de cualquier dato personal.<\/p>\n\n\n\n<h3 class=\"wp-block-heading\">Redes sociales<\/h3>\n\n\n\n<p>Nuestro sitio web incluye botones para promocionar (\"me gusta\") o compartir (\"tuitear\") p\u00e1ginas web en redes sociales. Estos botones funcionan mediante fragmentos de c\u00f3digo, que proceden de las propias redes sociales.<\/p>\n\n\n\n<p>Mediante este c\u00f3digo se establecen cookies. No tenemos ninguna influencia sobre ellas. Lea la declaraci\u00f3n de privacidad de las redes sociales para saber qu\u00e9 hacen con sus datos (personales), que procesan a trav\u00e9s de estas cookies. La informaci\u00f3n que recopilan se anonimiza en la medida de lo posible. Twitter, Facebook, Google+ y LinkedIn transfieren y almacenan la informaci\u00f3n en servidores de Estados Unidos. LinkedIn, Twitter, Facebook y Google+ se adhieren a los principios del Escudo de Privacidad y son miembros del programa Escudo de Privacidad del Departamento de Comercio de los Estados Unidos.<\/p>\n\n\n\n<p>Hay excepciones a esta regla:<\/p>\n\n\n\n<ul class=\"wp-block-list\">\n<li>Si nos ha dado permiso espec\u00edficamente para ello<\/li>\n\n\n\n<li>Existen motivos legales para hacerlo.<\/li>\n<\/ul>\n\n\n\n<h3 class=\"wp-block-heading\">Protecci\u00f3n de datos personales<\/h3>\n\n\n\n<p>Nos tomamos muy en serio la protecci\u00f3n de sus datos y adoptamos las medidas oportunas para contrarrestar el abuso, la p\u00e9rdida, el acceso no autorizado, la divulgaci\u00f3n no deseada y la modificaci\u00f3n no autorizada. Si a pesar de ello considera que sus datos no est\u00e1n debidamente protegidos o existen indicios de uso indebido, p\u00f3ngase en contacto con nosotros.<\/p>\n\n\n\n<h3 class=\"wp-block-heading\">Derechos relativos a sus datos<\/h3>\n\n\n\n<p>Tiene derecho a inspeccionar, rectificar o suprimir los datos personales que hayamos recibido de usted. Tambi\u00e9n puede oponerse al tratamiento total o parcial de sus datos personales por nosotros o por uno de nuestros procesadores. Tambi\u00e9n tiene derecho a que transfiramos directamente a un tercero los datos que nos haya proporcionado o que hayamos proporcionado en su nombre. Es posible que le pidamos que se identifique para poder atender las solicitudes mencionadas. En caso de que tratemos sus datos personales sobre la base de un consentimiento dado por usted a tal efecto, siempre tendr\u00e1 derecho a retirar dicho consentimiento.<\/p>\n\n\n\n<h3 class=\"wp-block-heading\">Preguntas<\/h3>\n\n\n\n<p>Als u naar aanleiding van onze Privacyverklaring nog vragen of opmerkingen heeft neem dan contact met ons op.<\/p>","protected":false},"excerpt":{"rendered":"<p>Privacyverklaring RJ Trucks &amp; Machinery, hieronder worden bovenstaande handelsnamen onder verstaan, is verantwoordelijk voor de verwerking van persoonsgegevens zoals weergegeven in deze privacyverklaring. Persoonsgegevens Onder persoonsgegevens verstaan wij alle gegevens waarmee personen individueel te identificeren zijn. Wij verwerken uw persoonsgegevens doordat u gebruik maakt van onze diensten en\/of omdat u deze gegevens zelf aan ons [&hellip;]<\/p>","protected":false},"author":2,"featured_media":0,"parent":0,"menu_order":0,"comment_status":"closed","ping_status":"closed","template":"","meta":{"_acf_changed":false,"footnotes":""},"class_list":["post-68840","page","type-page","status-publish","hentry"],"acf":[],"_links":{"self":[{"href":"https:\/\/rj-trucks-machinery.wemexcloud.nl\/es\/wp-json\/wp\/v2\/pages\/68840","targetHints":{"allow":["GET"]}}],"collection":[{"href":"https:\/\/rj-trucks-machinery.wemexcloud.nl\/es\/wp-json\/wp\/v2\/pages"}],"about":[{"href":"https:\/\/rj-trucks-machinery.wemexcloud.nl\/es\/wp-json\/wp\/v2\/types\/page"}],"author":[{"embeddable":true,"href":"https:\/\/rj-trucks-machinery.wemexcloud.nl\/es\/wp-json\/wp\/v2\/users\/2"}],"replies":[{"embeddable":true,"href":"https:\/\/rj-trucks-machinery.wemexcloud.nl\/es\/wp-json\/wp\/v2\/comments?post=68840"}],"version-history":[{"count":3,"href":"https:\/\/rj-trucks-machinery.wemexcloud.nl\/es\/wp-json\/wp\/v2\/pages\/68840\/revisions"}],"predecessor-version":[{"id":84557,"href":"https:\/\/rj-trucks-machinery.wemexcloud.nl\/es\/wp-json\/wp\/v2\/pages\/68840\/revisions\/84557"}],"wp:attachment":[{"href":"https:\/\/rj-trucks-machinery.wemexcloud.nl\/es\/wp-json\/wp\/v2\/media?parent=68840"}],"curies":[{"name":"wp","href":"https:\/\/api.w.org\/{rel}","templated":true}]}}

Declaración de confidencialidad

<h1 class="wp-block-heading">Declaración de confidencialidad</h1>



<p>RJ Trucks &amp; Machinery, hieronder worden bovenstaande handelsnamen onder verstaan, is verantwoordelijk voor de verwerking van persoonsgegevens zoals weergegeven in deze privacyverklaring.</p>



<h3 class="wp-block-heading">Datos personales</h3>



<p>Por datos personales entendemos cualquier dato que permita identificar individualmente a las personas.</p>



<p>Tratamos sus datos personales porque usted utiliza nuestros servicios y/o porque usted mismo nos los facilita. A continuación encontrará un resumen de los datos personales que tratamos:</p>



<ul class="wp-block-list">
<li>Nombre de la empresa</li>



<li>Nombre y apellidos</li>



<li>Dirección</li>



<li>Número de teléfono</li>



<li>Dirección de correo electrónico</li>



<li>Otros datos personales que usted facilite activamente a través, por ejemplo, de la correspondencia y el contacto telefónico.</li>
</ul>



<h3 class="wp-block-heading">Datos personales especiales y/o sensibles</h3>



<p>Sólo tratamos datos personales de menores (personas de menos de 16 años) si el padre, la madre, el tutor o el representante legal han dado su consentimiento por escrito. Si está convencido de que hemos recopilado datos personales de un menor sin dicho consentimiento, póngase en contacto con nosotros y eliminaremos esta información.</p>



<h3 class="wp-block-heading">Tratamiento de datos personales</h3>



<p>Tratamos sus datos personales para los siguientes fines:</p>



<ul class="wp-block-list">
<li>Envío de nuestro boletín.</li>



<li>Llamarle o enviarle un correo electrónico si es necesario para llevar a cabo nuestros servicios.</li>



<li>Informarle de cambios en nuestros servicios y productos.</li>



<li>Para suministrarle bienes y servicios.</li>



<li>También tratamos datos personales si estamos legalmente obligados a hacerlo, como los datos que necesitamos para nuestra declaración de la renta.</li>
</ul>



<h3 class="wp-block-heading">Toma de decisiones automatizada</h3>



<p>Wij nemen geen besluiten op basis van geautomatiseerde verwerkingen over zaken die (aanzienlijke) gevolgen kunnen hebben voor personen. Het gaat hier om besluiten die worden genomen door computerprogramma’s of -systemen, zonder dat daar een mens (bijvoorbeeld een medewerker van RJ Trucks &amp; Machinery tussen zit.</p>



<h3 class="wp-block-heading">Cuánto tiempo conservamos los datos personales</h3>



<p>No conservamos sus datos personales más tiempo del estrictamente necesario para cumplir los fines para los que se recogieron.</p>



<h3 class="wp-block-heading">Compartir datos personales con terceros</h3>



<p>RJ Trucks &amp; Machinery verkoopt uw gegevens niet aan derden en zal deze uitsluitend verstrekken indien dit nodig is voor de uitvoering van onze overeenkomst met u of om te voldoen aan een wettelijke verplichting. Met bedrijven die uw gegevens verwerken in onze opdracht, sluiten wij een verwerkersovereenkomst om te zorgen voor eenzelfde niveau van beveiliging en vertrouwelijkheid van uw gegevens. Wij blijven verantwoordelijk voor deze verwerkingen. Wij verstrekken geen persoonsgegevens aan partijen welke gevestigd zijn buiten de EU.</p>



<h3 class="wp-block-heading">Su visita a nuestro sitio web</h3>



<p>Nuestro principal objetivo al registrar información es facilitar las visitas a nuestro sitio. Sólo se registra la información que consideramos necesaria para lograr este propósito. Usted no tiene ninguna obligación de compartir esa información.</p>



<h3 class="wp-block-heading">Almacenar información</h3>



<p>Cuando visita este sitio web, podemos almacenar cierta información relacionada con su visita. Entre ellos se incluyen:</p>



<ul class="wp-block-list">
<li>La dirección IP: no es posible identificarle como persona.</li>



<li>El proveedor de servicios de Internet (ISP)</li>



<li>Duración de la visita</li>



<li>Páginas visitadas</li>



<li>La página de entrada/salida</li>



<li>El número de veces que se visita el sitio web</li>



<li>El dispositivo utilizado</li>



<li>Información sobre el sistema operativo</li>



<li>Información sobre el navegador de Internet</li>
</ul>



<p>Esta información se utiliza con fines estadísticos. Entre ellos se incluyen Google Analytics, Google Adwords, Remarketing Google Adwords, Hotjar (herramienta de uso del sitio web) y leads.vzw (herramienta para registrar el uso del sitio web y el comportamiento en el mismo). En algunas páginas, se le pedirá que deje información como su nombre y datos de contacto. Por ejemplo, al suscribirse al boletín, descargar un libro blanco u otra documentación. En estos casos, le pedimos explícitamente permiso para utilizar sus datos con fines de marketing. Recibirá una confirmación por correo electrónico. Cada vez que se le solicite, podrá darse de baja.</p>



<h3 class="wp-block-heading">Google Analytics</h3>



<p>A través de nuestro sitio web, la empresa estadounidense Google instala una cookie como parte del servicio "Analytics". Utilizamos este servicio para hacer un seguimiento de cómo los visitantes utilizan el sitio web y para recibir informes al respecto. Google podrá transmitir dicha información a terceros cuando así se lo requiera la legislación, o cuando dichos terceros procesen la información por cuenta de Google. Nosotros no tenemos ninguna influencia sobre esto. La información recopilada por Google se anonimiza en la medida de lo posible. Su dirección IP no se proporciona expresamente y la información no puede ser rastreada hasta usted como persona. La información es transferida y almacenada por Google en servidores de Estados Unidos. Google declara que se adhiere a los principios del Escudo de Privacidad y está afiliado al programa Escudo de Privacidad del Departamento de Comercio de los Estados Unidos. Esto implica un nivel de protección adecuado para el tratamiento de cualquier dato personal.</p>



<h3 class="wp-block-heading">Redes sociales</h3>



<p>Nuestro sitio web incluye botones para promocionar ("me gusta") o compartir ("tuitear") páginas web en redes sociales. Estos botones funcionan mediante fragmentos de código, que proceden de las propias redes sociales.</p>



<p>Mediante este código se establecen cookies. No tenemos ninguna influencia sobre ellas. Lea la declaración de privacidad de las redes sociales para saber qué hacen con sus datos (personales), que procesan a través de estas cookies. La información que recopilan se anonimiza en la medida de lo posible. Twitter, Facebook, Google+ y LinkedIn transfieren y almacenan la información en servidores de Estados Unidos. LinkedIn, Twitter, Facebook y Google+ se adhieren a los principios del Escudo de Privacidad y son miembros del programa Escudo de Privacidad del Departamento de Comercio de los Estados Unidos.</p>



<p>Hay excepciones a esta regla:</p>



<ul class="wp-block-list">
<li>Si nos ha dado permiso específicamente para ello</li>



<li>Existen motivos legales para hacerlo.</li>
</ul>



<h3 class="wp-block-heading">Protección de datos personales</h3>



<p>Nos tomamos muy en serio la protección de sus datos y adoptamos las medidas oportunas para contrarrestar el abuso, la pérdida, el acceso no autorizado, la divulgación no deseada y la modificación no autorizada. Si a pesar de ello considera que sus datos no están debidamente protegidos o existen indicios de uso indebido, póngase en contacto con nosotros.</p>



<h3 class="wp-block-heading">Derechos relativos a sus datos</h3>



<p>Tiene derecho a inspeccionar, rectificar o suprimir los datos personales que hayamos recibido de usted. También puede oponerse al tratamiento total o parcial de sus datos personales por nosotros o por uno de nuestros procesadores. También tiene derecho a que transfiramos directamente a un tercero los datos que nos haya proporcionado o que hayamos proporcionado en su nombre. Es posible que le pidamos que se identifique para poder atender las solicitudes mencionadas. En caso de que tratemos sus datos personales sobre la base de un consentimiento dado por usted a tal efecto, siempre tendrá derecho a retirar dicho consentimiento.</p>



<h3 class="wp-block-heading">Preguntas</h3>



<p>Als u naar aanleiding van onze Privacyverklaring nog vragen of opmerkingen heeft neem dan contact met ons op.</p>
