{"id":68840,"date":"2025-07-15T08:19:54","date_gmt":"2025-07-15T06:19:54","guid":{"rendered":"https:\/\/rj-trucks-machinery.wemexcloud.nl\/?page_id=68840"},"modified":"2025-11-26T10:23:40","modified_gmt":"2025-11-26T09:23:40","slug":"declaration-de-confidentialite","status":"publish","type":"page","link":"https:\/\/rj-trucks-machinery.wemexcloud.nl\/fr\/declaration-de-confidentialite\/","title":{"rendered":"D\u00e9claration de confidentialit\u00e9"},"content":{"rendered":"<h1 class=\"wp-block-heading\">D\u00e9claration de confidentialit\u00e9<\/h1>\n\n\n\n<p>RJ Trucks &amp; Machinery, hieronder worden bovenstaande handelsnamen onder verstaan, is verantwoordelijk voor de verwerking van persoonsgegevens zoals weergegeven in deze privacyverklaring.<\/p>\n\n\n\n<h3 class=\"wp-block-heading\">Donn\u00e9es personnelles<\/h3>\n\n\n\n<p>Par donn\u00e9es \u00e0 caract\u00e8re personnel, nous entendons toutes les donn\u00e9es qui permettent d'identifier les individus.<\/p>\n\n\n\n<p>Nous traitons vos donn\u00e9es personnelles parce que vous utilisez nos services et\/ou parce que vous nous les fournissez vous-m\u00eame. Vous trouverez ci-dessous un aper\u00e7u des donn\u00e9es personnelles que nous traitons :<\/p>\n\n\n\n<ul class=\"wp-block-list\">\n<li>Nom de l'entreprise<\/li>\n\n\n\n<li>Pr\u00e9nom et nom<\/li>\n\n\n\n<li>Coordonn\u00e9es<\/li>\n\n\n\n<li>Num\u00e9ro de t\u00e9l\u00e9phone<\/li>\n\n\n\n<li>Adresse \u00e9lectronique<\/li>\n\n\n\n<li>d'autres donn\u00e9es \u00e0 caract\u00e8re personnel que vous fournissez activement, par exemple par correspondance ou par t\u00e9l\u00e9phone.<\/li>\n<\/ul>\n\n\n\n<h3 class=\"wp-block-heading\">Donn\u00e9es personnelles particuli\u00e8res et\/ou sensibles<\/h3>\n\n\n\n<p>Nous ne traitons les donn\u00e9es personnelles des mineurs (personnes \u00e2g\u00e9es de moins de 16 ans) que si le parent, le tuteur ou le repr\u00e9sentant l\u00e9gal a donn\u00e9 son consentement \u00e9crit. Si vous \u00eates convaincu que nous avons collect\u00e9 des donn\u00e9es personnelles sur un mineur sans ce consentement, veuillez nous contacter et nous supprimerons ces informations.<\/p>\n\n\n\n<h3 class=\"wp-block-heading\">Traitement des donn\u00e9es \u00e0 caract\u00e8re personnel<\/h3>\n\n\n\n<p>Nous traitons vos donn\u00e9es personnelles aux fins suivantes :<\/p>\n\n\n\n<ul class=\"wp-block-list\">\n<li>Envoi de notre lettre d'information.<\/li>\n\n\n\n<li>vous appeler ou vous envoyer un courrier \u00e9lectronique si cela s'av\u00e8re n\u00e9cessaire pour la mise en \u0153uvre de nos services.<\/li>\n\n\n\n<li>vous informer des changements apport\u00e9s \u00e0 nos services et produits.<\/li>\n\n\n\n<li>Pour vous fournir des biens et des services.<\/li>\n\n\n\n<li>Nous traitons \u00e9galement des donn\u00e9es \u00e0 caract\u00e8re personnel si nous sommes l\u00e9galement tenus de le faire, comme les donn\u00e9es dont nous avons besoin pour notre d\u00e9claration d'imp\u00f4ts.<\/li>\n<\/ul>\n\n\n\n<h3 class=\"wp-block-heading\">Prise de d\u00e9cision automatis\u00e9e<\/h3>\n\n\n\n<p>Wij nemen geen besluiten op basis van geautomatiseerde verwerkingen over zaken die (aanzienlijke) gevolgen kunnen hebben voor personen. Het gaat hier om besluiten die worden genomen door computerprogramma\u2019s of -systemen, zonder dat daar een mens (bijvoorbeeld een medewerker van RJ Trucks &amp; Machinery tussen zit.<\/p>\n\n\n\n<h3 class=\"wp-block-heading\">Dur\u00e9e de conservation des donn\u00e9es personnelles<\/h3>\n\n\n\n<p>Nous ne conservons pas vos donn\u00e9es personnelles plus longtemps que ce qui est strictement n\u00e9cessaire pour atteindre les objectifs pour lesquels elles ont \u00e9t\u00e9 collect\u00e9es.<\/p>\n\n\n\n<h3 class=\"wp-block-heading\">Partage des donn\u00e9es personnelles avec des tiers<\/h3>\n\n\n\n<p>RJ Trucks &amp; Machinery verkoopt uw gegevens niet aan derden en zal deze uitsluitend verstrekken indien dit nodig is voor de uitvoering van onze overeenkomst met u of om te voldoen aan een wettelijke verplichting. Met bedrijven die uw gegevens verwerken in onze opdracht, sluiten wij een verwerkersovereenkomst om te zorgen voor eenzelfde niveau van beveiliging en vertrouwelijkheid van uw gegevens. Wij blijven verantwoordelijk voor deze verwerkingen. Wij verstrekken geen persoonsgegevens aan partijen welke gevestigd zijn buiten de EU.<\/p>\n\n\n\n<h3 class=\"wp-block-heading\">Votre visite sur notre site web<\/h3>\n\n\n\n<p>L'objectif principal de l'enregistrement des informations est de faciliter les visites sur notre site. Seules les informations que nous jugeons n\u00e9cessaires pour atteindre cet objectif sont enregistr\u00e9es. Vous n'\u00eates pas oblig\u00e9 de partager ces informations.<\/p>\n\n\n\n<h3 class=\"wp-block-heading\">Stockage des informations<\/h3>\n\n\n\n<p>Lorsque vous visitez ce site web, nous pouvons stocker certaines informations relatives \u00e0 votre visite. Ces informations sont les suivantes<\/p>\n\n\n\n<ul class=\"wp-block-list\">\n<li>L'adresse IP - ne permet pas de vous identifier en tant que personne<\/li>\n\n\n\n<li>Le fournisseur d'acc\u00e8s \u00e0 Internet (FAI)<\/li>\n\n\n\n<li>La dur\u00e9e de la visite<\/li>\n\n\n\n<li>Pages visit\u00e9es<\/li>\n\n\n\n<li>La page d'entr\u00e9e\/sortie<\/li>\n\n\n\n<li>Le nombre de fois que le site web est visit\u00e9<\/li>\n\n\n\n<li>Le dispositif utilis\u00e9<\/li>\n\n\n\n<li>Informations sur le syst\u00e8me d'exploitation<\/li>\n\n\n\n<li>Informations sur le navigateur Internet<\/li>\n<\/ul>\n\n\n\n<p>Ces informations sont utilis\u00e9es \u00e0 des fins statistiques. Il s'agit notamment de Google Analytics, Google Adwords, Remarketing Google Adwords, Hotjar (outil d'utilisation du site web) et leads.vzw (outil permettant d'enregistrer l'utilisation et le comportement du site web). Sur certaines pages, il vous sera demand\u00e9 de laisser des informations telles que votre nom et vos coordonn\u00e9es. Par exemple, lorsque vous vous inscrivez \u00e0 la lettre d'information, lorsque vous t\u00e9l\u00e9chargez un livre blanc ou d'autres documents. Dans ces cas, nous vous demandons explicitement l'autorisation d'utiliser vos donn\u00e9es \u00e0 des fins de marketing. Vous recevrez une confirmation par courrier \u00e9lectronique. Chaque fois que vous \u00eates sollicit\u00e9, vous pouvez vous d\u00e9sinscrire.<\/p>\n\n\n\n<h3 class=\"wp-block-heading\">Google Analytics<\/h3>\n\n\n\n<p>Sur notre site web, un cookie est install\u00e9 par la soci\u00e9t\u00e9 am\u00e9ricaine Google, dans le cadre du service \"Analytics\". Nous utilisons ce service pour suivre l'utilisation du site par les visiteurs et recevoir des rapports \u00e0 ce sujet. Google est susceptible de communiquer ces informations \u00e0 des tiers en cas d'obligation l\u00e9gale ou dans la mesure o\u00f9 des tiers traitent ces donn\u00e9es pour le compte de Google. Nous n'avons aucune influence sur ce point. Les informations collect\u00e9es par Google sont anonymis\u00e9es dans la mesure du possible. Votre adresse IP n'est express\u00e9ment pas communiqu\u00e9e et les informations ne permettent pas de vous identifier. Les informations sont transf\u00e9r\u00e9es et stock\u00e9es par Google sur des serveurs situ\u00e9s aux \u00c9tats-Unis. Google d\u00e9clare adh\u00e9rer aux principes du bouclier de protection de la vie priv\u00e9e et est affili\u00e9 au programme du bouclier de protection de la vie priv\u00e9e du minist\u00e8re am\u00e9ricain du commerce. Cela implique un niveau de protection ad\u00e9quat pour le traitement des donn\u00e9es personnelles.<\/p>\n\n\n\n<h3 class=\"wp-block-heading\">M\u00e9dias sociaux<\/h3>\n\n\n\n<p>Notre site web comprend des boutons permettant de promouvoir (\"like\") ou de partager (\"tweet\") des pages web sur les r\u00e9seaux sociaux. Ces boutons fonctionnent gr\u00e2ce \u00e0 des extraits de code provenant des m\u00e9dias sociaux eux-m\u00eames.<\/p>\n\n\n\n<p>Des cookies sont install\u00e9s au moyen de ce code. Nous n'avons aucune influence sur ceux-ci. Veuillez lire la d\u00e9claration de confidentialit\u00e9 des m\u00e9dias sociaux pour savoir ce qu'ils font de vos donn\u00e9es (personnelles), qu'ils traitent par le biais de ces cookies. Les informations qu'ils collectent sont anonymis\u00e9es dans la mesure du possible. Les informations sont transf\u00e9r\u00e9es et stock\u00e9es par Twitter, Facebook, Google+ et LinkedIn sur des serveurs situ\u00e9s aux \u00c9tats-Unis. LinkedIn, Twitter, Facebook et Google+ adh\u00e8rent aux principes du Privacy Shield et sont membres du programme Privacy Shield du minist\u00e8re am\u00e9ricain du commerce.<\/p>\n\n\n\n<p>Il existe des exceptions \u00e0 cette r\u00e8gle :<\/p>\n\n\n\n<ul class=\"wp-block-list\">\n<li>si vous nous en avez donn\u00e9 l'autorisation expresse<\/li>\n\n\n\n<li>Il existe des bases juridiques pour le faire.<\/li>\n<\/ul>\n\n\n\n<h3 class=\"wp-block-heading\">S\u00e9curisation des donn\u00e9es personnelles<\/h3>\n\n\n\n<p>Nous prenons au s\u00e9rieux la protection de vos donn\u00e9es et prenons \u00e9galement des mesures appropri\u00e9es pour lutter contre les abus, les pertes, les acc\u00e8s non autoris\u00e9s, les divulgations non d\u00e9sir\u00e9es et les modifications non autoris\u00e9es. Si vous estimez que vos donn\u00e9es ne sont pas correctement s\u00e9curis\u00e9es ou qu'il existe des indices d'utilisation abusive, veuillez nous contacter.<\/p>\n\n\n\n<h3 class=\"wp-block-heading\">Droits concernant vos donn\u00e9es<\/h3>\n\n\n\n<p>Vous avez le droit de consulter, de rectifier ou de supprimer les donn\u00e9es \u00e0 caract\u00e8re personnel que nous avons re\u00e7ues de votre part. Vous pouvez \u00e9galement vous opposer au traitement de tout ou partie de vos donn\u00e9es \u00e0 caract\u00e8re personnel par nous ou l'un de nos sous-traitants. Vous avez \u00e9galement le droit de nous demander de transf\u00e9rer les donn\u00e9es que vous avez fournies \u00e0 vous-m\u00eame ou en votre nom directement \u00e0 une autre partie. Il se peut que nous vous demandions de vous identifier avant de pouvoir donner suite aux demandes susmentionn\u00e9es. Si nous traitons vos donn\u00e9es \u00e0 caract\u00e8re personnel sur la base d'un consentement que vous avez donn\u00e9 \u00e0 cet effet, vous avez toujours le droit de retirer ce consentement.<\/p>\n\n\n\n<h3 class=\"wp-block-heading\">Questions<\/h3>\n\n\n\n<p>Als u naar aanleiding van onze Privacyverklaring nog vragen of opmerkingen heeft neem dan contact met ons op.<\/p>","protected":false},"excerpt":{"rendered":"<p>Privacyverklaring RJ Trucks &amp; Machinery, hieronder worden bovenstaande handelsnamen onder verstaan, is verantwoordelijk voor de verwerking van persoonsgegevens zoals weergegeven in deze privacyverklaring. Persoonsgegevens Onder persoonsgegevens verstaan wij alle gegevens waarmee personen individueel te identificeren zijn. Wij verwerken uw persoonsgegevens doordat u gebruik maakt van onze diensten en\/of omdat u deze gegevens zelf aan ons [&hellip;]<\/p>","protected":false},"author":2,"featured_media":0,"parent":0,"menu_order":0,"comment_status":"closed","ping_status":"closed","template":"","meta":{"_acf_changed":false,"footnotes":""},"class_list":["post-68840","page","type-page","status-publish","hentry"],"acf":[],"_links":{"self":[{"href":"https:\/\/rj-trucks-machinery.wemexcloud.nl\/fr\/wp-json\/wp\/v2\/pages\/68840","targetHints":{"allow":["GET"]}}],"collection":[{"href":"https:\/\/rj-trucks-machinery.wemexcloud.nl\/fr\/wp-json\/wp\/v2\/pages"}],"about":[{"href":"https:\/\/rj-trucks-machinery.wemexcloud.nl\/fr\/wp-json\/wp\/v2\/types\/page"}],"author":[{"embeddable":true,"href":"https:\/\/rj-trucks-machinery.wemexcloud.nl\/fr\/wp-json\/wp\/v2\/users\/2"}],"replies":[{"embeddable":true,"href":"https:\/\/rj-trucks-machinery.wemexcloud.nl\/fr\/wp-json\/wp\/v2\/comments?post=68840"}],"version-history":[{"count":3,"href":"https:\/\/rj-trucks-machinery.wemexcloud.nl\/fr\/wp-json\/wp\/v2\/pages\/68840\/revisions"}],"predecessor-version":[{"id":84557,"href":"https:\/\/rj-trucks-machinery.wemexcloud.nl\/fr\/wp-json\/wp\/v2\/pages\/68840\/revisions\/84557"}],"wp:attachment":[{"href":"https:\/\/rj-trucks-machinery.wemexcloud.nl\/fr\/wp-json\/wp\/v2\/media?parent=68840"}],"curies":[{"name":"wp","href":"https:\/\/api.w.org\/{rel}","templated":true}]}}

Déclaration de confidentialité

<h1 class="wp-block-heading">Déclaration de confidentialité</h1>



<p>RJ Trucks &amp; Machinery, hieronder worden bovenstaande handelsnamen onder verstaan, is verantwoordelijk voor de verwerking van persoonsgegevens zoals weergegeven in deze privacyverklaring.</p>



<h3 class="wp-block-heading">Données personnelles</h3>



<p>Par données à caractère personnel, nous entendons toutes les données qui permettent d'identifier les individus.</p>



<p>Nous traitons vos données personnelles parce que vous utilisez nos services et/ou parce que vous nous les fournissez vous-même. Vous trouverez ci-dessous un aperçu des données personnelles que nous traitons :</p>



<ul class="wp-block-list">
<li>Nom de l'entreprise</li>



<li>Prénom et nom</li>



<li>Coordonnées</li>



<li>Numéro de téléphone</li>



<li>Adresse électronique</li>



<li>d'autres données à caractère personnel que vous fournissez activement, par exemple par correspondance ou par téléphone.</li>
</ul>



<h3 class="wp-block-heading">Données personnelles particulières et/ou sensibles</h3>



<p>Nous ne traitons les données personnelles des mineurs (personnes âgées de moins de 16 ans) que si le parent, le tuteur ou le représentant légal a donné son consentement écrit. Si vous êtes convaincu que nous avons collecté des données personnelles sur un mineur sans ce consentement, veuillez nous contacter et nous supprimerons ces informations.</p>



<h3 class="wp-block-heading">Traitement des données à caractère personnel</h3>



<p>Nous traitons vos données personnelles aux fins suivantes :</p>



<ul class="wp-block-list">
<li>Envoi de notre lettre d'information.</li>



<li>vous appeler ou vous envoyer un courrier électronique si cela s'avère nécessaire pour la mise en œuvre de nos services.</li>



<li>vous informer des changements apportés à nos services et produits.</li>



<li>Pour vous fournir des biens et des services.</li>



<li>Nous traitons également des données à caractère personnel si nous sommes légalement tenus de le faire, comme les données dont nous avons besoin pour notre déclaration d'impôts.</li>
</ul>



<h3 class="wp-block-heading">Prise de décision automatisée</h3>



<p>Wij nemen geen besluiten op basis van geautomatiseerde verwerkingen over zaken die (aanzienlijke) gevolgen kunnen hebben voor personen. Het gaat hier om besluiten die worden genomen door computerprogramma’s of -systemen, zonder dat daar een mens (bijvoorbeeld een medewerker van RJ Trucks &amp; Machinery tussen zit.</p>



<h3 class="wp-block-heading">Durée de conservation des données personnelles</h3>



<p>Nous ne conservons pas vos données personnelles plus longtemps que ce qui est strictement nécessaire pour atteindre les objectifs pour lesquels elles ont été collectées.</p>



<h3 class="wp-block-heading">Partage des données personnelles avec des tiers</h3>



<p>RJ Trucks &amp; Machinery verkoopt uw gegevens niet aan derden en zal deze uitsluitend verstrekken indien dit nodig is voor de uitvoering van onze overeenkomst met u of om te voldoen aan een wettelijke verplichting. Met bedrijven die uw gegevens verwerken in onze opdracht, sluiten wij een verwerkersovereenkomst om te zorgen voor eenzelfde niveau van beveiliging en vertrouwelijkheid van uw gegevens. Wij blijven verantwoordelijk voor deze verwerkingen. Wij verstrekken geen persoonsgegevens aan partijen welke gevestigd zijn buiten de EU.</p>



<h3 class="wp-block-heading">Votre visite sur notre site web</h3>



<p>L'objectif principal de l'enregistrement des informations est de faciliter les visites sur notre site. Seules les informations que nous jugeons nécessaires pour atteindre cet objectif sont enregistrées. Vous n'êtes pas obligé de partager ces informations.</p>



<h3 class="wp-block-heading">Stockage des informations</h3>



<p>Lorsque vous visitez ce site web, nous pouvons stocker certaines informations relatives à votre visite. Ces informations sont les suivantes</p>



<ul class="wp-block-list">
<li>L'adresse IP - ne permet pas de vous identifier en tant que personne</li>



<li>Le fournisseur d'accès à Internet (FAI)</li>



<li>La durée de la visite</li>



<li>Pages visitées</li>



<li>La page d'entrée/sortie</li>



<li>Le nombre de fois que le site web est visité</li>



<li>Le dispositif utilisé</li>



<li>Informations sur le système d'exploitation</li>



<li>Informations sur le navigateur Internet</li>
</ul>



<p>Ces informations sont utilisées à des fins statistiques. Il s'agit notamment de Google Analytics, Google Adwords, Remarketing Google Adwords, Hotjar (outil d'utilisation du site web) et leads.vzw (outil permettant d'enregistrer l'utilisation et le comportement du site web). Sur certaines pages, il vous sera demandé de laisser des informations telles que votre nom et vos coordonnées. Par exemple, lorsque vous vous inscrivez à la lettre d'information, lorsque vous téléchargez un livre blanc ou d'autres documents. Dans ces cas, nous vous demandons explicitement l'autorisation d'utiliser vos données à des fins de marketing. Vous recevrez une confirmation par courrier électronique. Chaque fois que vous êtes sollicité, vous pouvez vous désinscrire.</p>



<h3 class="wp-block-heading">Google Analytics</h3>



<p>Sur notre site web, un cookie est installé par la société américaine Google, dans le cadre du service "Analytics". Nous utilisons ce service pour suivre l'utilisation du site par les visiteurs et recevoir des rapports à ce sujet. Google est susceptible de communiquer ces informations à des tiers en cas d'obligation légale ou dans la mesure où des tiers traitent ces données pour le compte de Google. Nous n'avons aucune influence sur ce point. Les informations collectées par Google sont anonymisées dans la mesure du possible. Votre adresse IP n'est expressément pas communiquée et les informations ne permettent pas de vous identifier. Les informations sont transférées et stockées par Google sur des serveurs situés aux États-Unis. Google déclare adhérer aux principes du bouclier de protection de la vie privée et est affilié au programme du bouclier de protection de la vie privée du ministère américain du commerce. Cela implique un niveau de protection adéquat pour le traitement des données personnelles.</p>



<h3 class="wp-block-heading">Médias sociaux</h3>



<p>Notre site web comprend des boutons permettant de promouvoir ("like") ou de partager ("tweet") des pages web sur les réseaux sociaux. Ces boutons fonctionnent grâce à des extraits de code provenant des médias sociaux eux-mêmes.</p>



<p>Des cookies sont installés au moyen de ce code. Nous n'avons aucune influence sur ceux-ci. Veuillez lire la déclaration de confidentialité des médias sociaux pour savoir ce qu'ils font de vos données (personnelles), qu'ils traitent par le biais de ces cookies. Les informations qu'ils collectent sont anonymisées dans la mesure du possible. Les informations sont transférées et stockées par Twitter, Facebook, Google+ et LinkedIn sur des serveurs situés aux États-Unis. LinkedIn, Twitter, Facebook et Google+ adhèrent aux principes du Privacy Shield et sont membres du programme Privacy Shield du ministère américain du commerce.</p>



<p>Il existe des exceptions à cette règle :</p>



<ul class="wp-block-list">
<li>si vous nous en avez donné l'autorisation expresse</li>



<li>Il existe des bases juridiques pour le faire.</li>
</ul>



<h3 class="wp-block-heading">Sécurisation des données personnelles</h3>



<p>Nous prenons au sérieux la protection de vos données et prenons également des mesures appropriées pour lutter contre les abus, les pertes, les accès non autorisés, les divulgations non désirées et les modifications non autorisées. Si vous estimez que vos données ne sont pas correctement sécurisées ou qu'il existe des indices d'utilisation abusive, veuillez nous contacter.</p>



<h3 class="wp-block-heading">Droits concernant vos données</h3>



<p>Vous avez le droit de consulter, de rectifier ou de supprimer les données à caractère personnel que nous avons reçues de votre part. Vous pouvez également vous opposer au traitement de tout ou partie de vos données à caractère personnel par nous ou l'un de nos sous-traitants. Vous avez également le droit de nous demander de transférer les données que vous avez fournies à vous-même ou en votre nom directement à une autre partie. Il se peut que nous vous demandions de vous identifier avant de pouvoir donner suite aux demandes susmentionnées. Si nous traitons vos données à caractère personnel sur la base d'un consentement que vous avez donné à cet effet, vous avez toujours le droit de retirer ce consentement.</p>



<h3 class="wp-block-heading">Questions</h3>



<p>Als u naar aanleiding van onze Privacyverklaring nog vragen of opmerkingen heeft neem dan contact met ons op.</p>
